 k = -6. Let o(d) be the second derivative of -d**4/12 + d**3/3 - 4*d**2 + 47186*d. What is o(k)?
-32
Let x(z) = -12 - 10*z - 12 - 14 - 1 + 38. Let p be 0/1 + 7 + -6. Let y = p + 0. What is x(y)?
-11
Let g(i) = -i**2 + 9*i - 8. Let b(n) = n**2 - 12*n - 5. Let u be b(13). Let s be 45 + ((-12)/u)/((-2)/(-4)). Let f be s/4*((-70)/(-21))/5. Give g(f).
6
Let o(i) be the first derivative of -i**4 + i**3 + i**2 + i + 1037. Calculate o(3).
-74
Let x(u) = -24*u - 117. Suppose 2*w = -3*n - 17, -8*w + 14*w + 6 = 0. What is x(n)?
3
Let b(w) be the second derivative of -w**4/12 + w**3/2 + 3*w**2/2 - 39*w - 2. Let u = 13 - 7. Suppose -24 = -u*i + 2*i. Determine b(i).
-15
Let h be (994/(-63) - -16) + 122/18. Let w(d) = 1. Let g(i) = i - 2. Let j(u) = u**2 - u - 1. Let y be j(0). Let l(n) = y*g(n) - 2*w(n). Give l(h).
-7
Let z(o) = -o**2 + 5*o + 6. Let b = 20 + -33. Let y = 14 + b. Let x = y + 5. Give z(x).
0
Let j be 0/(-6 + (-56)/(-8)). Suppose -25 = 3*x + 3*d - 37, -4*x - 3*d + 19 = j. Let z(k) = -k + 13. Calculate z(x).
6
Let c(g) = g - 4. Let u(j) = 103*j - 614. Let n be u(6). Determine c(n).
0
Let l(d) = -d**3 + 8*d**2 - 13*d + 12. Let r be l(6). Let c be (-1)/(-2) + (3/r - 0). Let y(o) = 4*o - 2*o**2 - c - 7 + 1 + o**2. What is y(6)?
-19
Let f(h) = -h**3 + 5*h**2 + h + 3. Let y = 94 - 94. Suppose -5*v = 2*q - 21, y = -3*v + 3*q + q + 23. Determine f(v).
8
Let t(p) = -8*p - 3. Let z(r) = -2*r**3 + 26*r**2 + 29*r - 17. Let w = -450 - -464. Let i be z(w). Determine t(i).
21
Let q(m) be the second derivative of 0*m**3 - 67*m + 1/2*m**2 - m**4 + 0. Give q(1).
-11
Let j(m) = -2*m**3 - 3*m**2 + 2. Let k be j(-2). Let p = k + -14. Let i(u) = 8*u - 4. Let w(g) = 13*g - 5. Let y(s) = -8*i(s) + 5*w(s). What is y(p)?
-1
Suppose -3*n = -700*v + 702*v - 27, 5*v - 5*n + 20 = 0. Let h(d) = 8*d**2 + 2*d - 16. Calculate h(v).
62
Let b(r) be the first derivative of -4*r**2 + 11*r + 3281. Give b(-6).
59
Let s = 21 - 28. Let p(k) = 5*k - 4. Let b(u) = -u. Suppose -6*i - 2*x = -4*i - 18, -9 = -3*x. Let y(a) = i*b(a) + p(a). Give y(s).
3
Suppose 2*z + 13 = -3*b, -b + 0 - 2 = 3*z. Let n(i) = 3*i**2 + i - 3. Let w(l) = -2*l**2 - l + 3. Let d(j) = -3*n(j) - 4*w(j). Give d(b).
-33
Let z(g) = -g + 13. Let o(t) = -7. Let j(d) = 11*o(d) + 6*z(d). Suppose 20*q = 3*q - 17. What is j(q)?
7
Let f(z) = z**3 + 5*z**2 + 4*z - 4. Suppose 370 = -31*w - 43*w. Give f(w).
-24
Let k(h) be the third derivative of h**5/60 + 11*h**4/24 + 29*h**3/6 + 8288*h**2. What is k(-7)?
1
Let p be -1*4/14 - (-520)/56. Let l(j) = 164 + 6*j**2 - 158 - 5*j**2 + p*j. Calculate l(-9).
6
Let y be 17*(96/8)/12. Let b(p) = 20*p + 24. Let i(o) = -7*o - 8. Let n be 2/7 + (-40)/(-7). Let f(c) = n*b(c) + y*i(c). Calculate f(-6).
2
Let g be 2*(4 + -3) - 3. Let u = 76 + -38. Let d(f) = 23*f + u*f - 46*f. Give d(g).
-15
Let f(w) = w**3 - 6*w**2 - w + 1. Let t(b) = 8*b**3 - 3*b + 3. Let g be t(1). Suppose -g*o + 17*o + 90 = 0. Let r be 18/o*210/(-63). What is f(r)?
-5
Let m(j) = -j**2 - 38*j - 73. Let l be m(-2). Let g(y) = -31*y**3. Calculate g(l).
31
Suppose -m - 14 = -3*q, -7*m + 28 = q - 28. Let v(s) = -s**2 - 2*s + 54. What is v(m)?
-9
Let v(c) = 4*c + 51. Let x be -13*(-8 - 3*(6 + -9)). Give v(x).
-1
Let q(p) = 10*p + 147. Let l be q(-14). Let i(j) be the first derivative of -j**4/4 + 7*j**3/3 - j**2/2 - 5*j - 17. What is i(l)?
-12
Suppose 6*r - r = -3*h - 925, -4*h = r + 168. Let b = r - -193. Let q(x) = x - 5. Calculate q(b).
0
Let r(u) = 14*u**3 + 3 - 47 - 13*u**3 - 50*u**2 + u - 10 - 2. Give r(50).
-6
Suppose 14*i + 48*i = 248. Let d(a) be the second derivative of 0 + 27*a + 3/2*a**3 - 5/2*a**2 - 1/12*a**i. Give d(8).
3
Let g(k) be the second derivative of -3*k**2 - 1/20*k**5 + 7/12*k**4 + 7*k + 0 - k**3. Let i(l) = 4*l**2 + 4*l - 2. Let t be i(-2). Calculate g(t).
-6
Let h(f) = -10*f**2 + 19*f - 12. Let o(j) be the second derivative of 7*j**4/12 - 19*j**3/6 + 6*j**2 - 198*j. Let c(w) = 2*h(w) + 3*o(w). Determine c(18).
-6
Let j(m) = -63 + 18 - 127*m**2 + 98*m**2 + 31*m**2 + 42*m. Calculate j(-22).
-1
Let i(m) = -m**3 - 4*m**2 + 3*m + 13. Let g = 2801 - 2804. What is i(g)?
-5
Let n(f) be the second derivative of 2*f**3 + 17*f**2/2 + 28*f - 31. Give n(4).
65
Let f(h) = 11*h**2 - 70*h - 127. Let b(w) = 16*w**2 - 98*w - 179. Let k(a) = -12*b(a) + 17*f(a). What is k(-5)?
-66
Let x = 56893/6 - 9482. Let p(o) be the second derivative of -2*o**2 - x*o**3 + 31*o + 0. Give p(5).
-9
Suppose 189 = -5*x - 141. Let r = -66 - x. Suppose 5*u + 10 - 3 = b, 3*b + 4*u - 2 = r. Let n(f) = 2*f**2 - 2*f + 1. Give n(b).
5
Let h(b) = -5*b**2 - 5 + 4*b**2 - 6*b + 0*b**2. Let r be h(-4). Let x(g) = 3*g - 1. Let w(q) = -q. Let i(j) = 8*w(j) + 3*x(j). What is i(r)?
0
Let u(t) = t**2 - 4*t + 1. Let k(b) = -2*b**2 + 9*b - 1. Let q(z) = 3*k(z) + 7*u(z). Suppose 183*h = -184*h - 185*h + 519*h. Give q(h).
4
Let g(q) be the first derivative of 5*q**3/3 - 53*q**2/2 - 10*q - 527. What is g(11)?
12
Let z(s) = s**3 + 9*s**2 - 8*s + 31. Suppose -4*v - 3*o - 36 = 13, 0 = v - 3*o + 1. Calculate z(v).
11
Suppose -35 = -0*r - 5*r + d, -4*r - 2*d + 42 = 0. Let i be -2 + (r - (-8)/(-2)). Let c(o) = 15 - 3 - 2*o - o**i - 8. Determine c(-4).
-4
Let n(l) = 2*l**2 - 10*l - 7. Suppose 3*w + 5*a = 50, 4*w - 79*a + 1 = -76*a. What is n(w)?
-7
Let f(p) be the first derivative of p**7/840 + p**6/360 - p**5/24 + p**4/24 + 44*p**3 - 293. Let n(b) be the third derivative of f(b). Give n(-3).
-2
Let m(n) = 315*n + 4098. Let i be m(-13). Let k(o) = o**3 - 2*o**2 + 5*o - 30. Give k(i).
-6
Let m(x) = -x**2 + 40*x - 31. Suppose -i - 270*o + 15 = -266*o, 0 = -5*i - o + 189. Determine m(i).
8
Let q(l) be the third derivative of l**6/120 - l**5/10 - l**4/2 + 31*l**3/6 - 3*l**2 - 21*l - 3. Calculate q(7).
-4
Let z(v) = 6*v**3 - 2*v**2 + 2*v - 1. Let n be (-19 - 9)*1/(-4). Suppose -6*b + n*b - 2*s = -3, s + 12 = 5*b. Let u be (15/20)/b*4. Calculate z(u).
5
Let i(a) be the second derivative of -a**5/120 - a**4/24 + 15*a**3 + 67*a. Let f(c) be the second derivative of i(c). Determine f(-7).
6
Let c(y) = 557 - 6*y**2 + 7*y**2 - 540. Calculate c(7).
66
Suppose 136*p + 9*p + 304 - 1464 = 0. Let w(m) = -2*m**2 + 20*m - 27. Give w(p).
5
Let w(o) = -o**3 - 16*o**2 - 2*o + 17. Let j(h) = -3*h**3 - 47*h**2 - 5*h + 51. Let c(v) = -3*j(v) + 8*w(v). Let n = 500689 + -500702. Give c(n).
-4
Let w(n) = -n**3 + 7*n**2 + 7*n - 7. Let r = 42 + -40. Let i(k) = 2 - 5*k - 8 + 2*k**r + 4 + 4*k. Let x be i(-2). Determine w(x).
-15
Let n(s) = 188*s**2 + 554*s**2 + 13 - 9*s - 750*s**2. Determine n(2).
-37
Suppose y + 12*y = 16*y. Let v(a) = 29791 + y*a - 29791 - 3*a. Determine v(-2).
6
Let k(g) = g**3 + 7*g**2 + 6*g - 1. Suppose 42*s + 270 = -3*s. What is k(s)?
-1
Let x(a) be the second derivative of a**4/12 + 9*a**3/2 + 133*a**2/2 - 2436*a. Give x(-6).
7
Let k(j) = 4*j**2 - 6*j + 1429*j**3 - 5*j - 8 - 11*j**2 - 1430*j**3. Calculate k(-4).
-12
Let q(t) = -9*t - 26. Let p(w) = 8*w**2 - 102*w + 66. Let s be p(12). What is q(s)?
28
Let l(p) = -10*p**3 + 6*p - 3 - 8*p**2 + 6 + 2*p**3 + 9*p**3 - 7*p. Give l(5).
-77
Suppose 3*d = -2*d + 15, -6 = 3*m - 2*d. Let o(j) = m + j**2 - 2 - j - 2 + 7 - 1. Calculate o(4).
14
Let b(q) = q**2 + 7*q + 17. Suppose 42 = -3*t + 6*i, -3*t - 38 = 2*i - 7*i. Give b(t).
11
Suppose 2*d + 4 = 6*d. Let k be (-1)/(-2*d/4). Let r(i) = 25*i**2 + 19*i**2 + i - 70*i**2 + 25*i**k. What is r(-1)?
-2
Let w(k) be the second derivative of 4*k**3/3 + 3*k**2/2 - 118*k - 23. Let y = 9 - 13. Calculate w(y).
-29
Let q be (9 - (-18)/(-3))/(-6 + 2 + 3). Let z(f) = 11*f + 20. Give z(q).
-13
Let l = 486 - 487. Let q(f) = -91*f**3 - f**2. Calculate q(l).
90
Let r(y) = y**3 - 23*y**2 + 22*y + 11. Let s be r(22). Let f(t) = -13*t + 28*t - s*t - 7*t + 6. Calculate f(-5).
21
Let z be (31 + -33)*(-2)/(4/10). Let p(j) = j**3 - 9*j**2 - 11*j + 5. Give p(z).
-5
Let x(g) = -34*g + 82. Let k(y) = 49*y - 125. Let t(n) = -18*k(n) - 26*x(n). Determine t(-50).
18
Let h(s) = -27*s**3 - 13*s**2 - 8*s - 60. Let w(v) = 43*v**3 + 20*v**2 + 13*v + 95. Let x(b) = -8*h(b) - 5*w(b). Let t = -8 - -3. What is x(t)?
-15
Let n(j) = -j**3 + j. Suppose -2*l + 4*p + 14 = -4*l, -p + 1 = 5*l. Give n(l).
0
Let a(s) = 57*s**2 + 2*s - 1. Let h be (-2)/(4/10) + (-28 - (-67 + 33)). Give a(h).
58
Let j(l) = 2*l + 5. Suppose -138 = -16*